 -g**3 + g**2 + 91. Is c(0) composite?
True
Let i(z) = 123*z - 1 - 2 + 2. Is i(1) a composite number?
True
Is (2/(-4))/((-5)/490) prime?
False
Suppose -3*c + 10 - 4 = 0, -2*o - c = -126. Let z = o + 15. Is z a prime number?
False
Suppose 3*i - 5*d - 1252 = 0, 0 = 5*i - 2*d + 322 - 2377. Is i a composite number?
False
Let d(j) = j**3 - 6*j**2 + j - 2. Let q be d(6). Suppose 0 = 4*v + 5*x - 64, x + 46 = q*v - 42. Is v a prime number?
False
Let q be 3/(2*(-3)/6). Let m = 2 + q. Is (160 - (m - 0)) + 2 composite?
False
Let c be (0 + 1)*(119 - 0). Suppose -c - 366 = 5*a. Is (-6)/(-9) - a/3 composite?
True
Suppose 2*m - 3*m + 340 = 0. Suppose 5*g - m = g. Is g a prime number?
False
Let m = -2 - 9. Let w = -8 - m. Suppose w*x - 96 = 135. Is x composite?
True
Let b(z) = -67*z - 1. Let x be b(-1). Suppose -a = 4*t + 4*a - x, -5*t - a + 93 = 0. Let p = t + -9. Is p a prime number?
False
Suppose -u = 3*u + 112. Suppose 0 = l - 0*l + 3*r + 6, l + 5*r = -4. Let w = l - u. Is w a composite number?
False
Suppose 6*h = 3*h + 834. Is h a composite number?
True
Suppose -7 - 3 = 2*x. Let h(a) = 4*a**2 + a + 1. Let y(d) = 3*d**2 + d + 1. Let k(t) = 6*h(t) - 7*y(t). Is k(x) a composite number?
False
Let j(u) = u**3 + 6*u**2 + 3*u + 5. Is j(-5) prime?
False
Suppose 3*g + k = 12793, -4*g + 2*k + 17068 = -2*k. Is g prime?
False
Suppose 6*u - 132 = 3*u. Let r = u - 5. Is r prime?
False
Let q = -260 + 445. Is q composite?
True
Suppose -2*m - 21 - 3 = -4*h, -3*h - 2*m = -4. Suppose 3*i + 12 = 9*i. Suppose -u = h*k - 2*u - 873, 2*k - 424 = -i*u. Is k composite?
True
Let x = -1 - -4. Suppose 2*n + x*n = 5, t - n = 76. Is t prime?
False
Let i(c) = -3*c**3 + 4*c**2 - 5*c + 2. Is i(-5) a composite number?
True
Let t(o) = 11*o**3 + o**2 - 4*o + 3. Let c be t(2). Suppose -u - 91 = -3*a + u, 0 = 3*a - 3*u - c. Is a a composite number?
True
Let x(c) = 504*c - 1. Is x(1) a prime number?
True
Let p = -11 - -18. Let x(a) = -a**3 - a + 40. Let l be x(0). Let n = l + p. Is n composite?
False
Let p = 11 - 24. Let v be -1 - (-2 + -1)*1. Let g = v - p. Is g a composite number?
True
Suppose -2*m - 24 = -q, -3*q + 50 = 3*m - 49. Let v = -97 - q. Let t = v - -206. Is t prime?
True
Let s(c) = c**3 + 8*c**2 + 6*c - 4. Let a(p) = -p**2 + 9*p + 15. Let x be a(11). Is s(x) a composite number?
False
Suppose -5*u + 5*o - 25 = o, 0 = 5*u + o + 25. Let z(t) = -t + 3. Let a be z(u). Let d(l) = l**3 - 9*l**2 + 9*l + 11. Is d(a) a prime number?
True
Let r(n) = n - 2. Let q be r(0). Let u(o) = -o**3. Let x(a) = -3*a**3 - 2*a**2 + 3*a + 3. Let g(w) = 2*u(w) - x(w). Is g(q) composite?
False
Suppose 5*z - 2132 = z. Is z a composite number?
True
Let i(h) = 48*h. Let o(y) = -48*y + 1. Let t(u) = -6*i(u) - 5*o(u). Is t(-8) a composite number?
False
Suppose 663 = 3*l - 0*l. Is l a prime number?
False
Suppose 3*q - v = 1627, 2 = -4*v - 2. Suppose 0 = -2*j, -2*l + j = 2*j - q. Is l composite?
False
Suppose 5*x + 20 = 0, 3*d + 4*x - 2 = -0*x. Suppose -d*u = -u - 310. Is u prime?
False
Let d(r) = -r - 4. Let y be d(-5). Is 3*y*(-1230)/(-18) prime?
False
Let o(t) = 6*t**3 + 14*t**2 + 8*t + 3. Is o(10) a composite number?
True
Suppose 0 = 4*p + 3*o - 863, 0 = -4*p + 3*o + 851 + 6. Is p a prime number?
False
Let n be 3/12 + (-3)/(-4). Is n*-1893*(-4)/12 a prime number?
True
Suppose c = -16 - 16. Let h be (-30)/4*c/4. Suppose -9 - h = -n + 5*g, -5*n + 301 = -3*g. Is n prime?
True
Suppose 4*l - 4 = 4. Let h = l + -4. Is (21/(-7))/(h/46) composite?
True
Let u(c) = 13*c. Suppose 0*y - 29 = -4*j + 5*y, -2*j + 5*y = -27. Is u(j) composite?
False
Let r(c) = -2*c - 9 - 6*c - 7*c**2 - c**3 + 0*c**2. Let g be r(-6). Suppose 2*w - 4*a + g - 17 = 0, 28 = 4*w + a. Is w prime?
True
Suppose 3*c - 24 = -5*o, 3*o + 5*c - 21 = c. Suppose -o*r = r - 196. Is r a composite number?
True
Let n be -1 - 3/((-6)/2). Suppose -4*l - 11 - 5 = n. Let u(d) = d**3 + 5*d**2 - 4*d + 3. Is u(l) composite?
True
Let o be 1/(2/4) - -90. Suppose -2*b = 186 + o. Let a = 230 + b. Is a prime?
False
Let m be (-2 + 1 - 498)*-1. Let t = 816 - m. Is t composite?
False
Suppose -5 - 7 = 3*m. Let s(y) = 4*y**3 + 3*y**2 - 3. Let k(b) = 3*b**3 + 2*b**2 - 3. Let v(n) = -3*k(n) + 2*s(n). Is v(m) a prime number?
True
Let b(a) = 158*a + 8. Let x be b(5). Let j = x - 472. Is j prime?
False
Let t(c) = 5*c**2 - 2*c + 4*c - 2*c - 1 + 3*c. Is t(-3) composite?
True
Let j be (-122)/(-10) + 9/(-45). Suppose -u - j = -5*u. Is -2 + 78/(-1 + u) prime?
True
Let c = -72 - -94. Is c a prime number?
False
Suppose -2*o = -3*o - 31. Let t = 158 + o. Is t prime?
True
Let f = -2 + 0. Is (-1 - 1/f)*-6 a composite number?
False
Let t = 75 - 41. Is t a composite number?
True
Is ((-185)/(-15))/((-1)/(-3)) a prime number?
True
Let h = -386 - -741. Is h a prime number?
False
Suppose 100 = 3*w - 6*w - 4*p, 2*p - 104 = 4*w. Let n = w - -7. Let m = 42 + n. Is m a prime number?
False
Let k be (-4)/(-6) + 7/3. Suppose 3*v - 3*m = 141, -94 = v - k*v + 3*m. Suppose 0*p + p - v = 0. Is p prime?
True
Let p(u) = -u**3 + 27*u**2 - 4*u - 3. Is p(21) a composite number?
True
Let n(a) = -163*a + 6. Is n(-5) composite?
False
Suppose 30 = 3*j + 9. Let a(q) = q**2 - 7*q + 1. Let n be a(j). Is 1*-1*(-53)/n composite?
False
Suppose 2*g = g + 863. Is g a composite number?
False
Suppose -600 = -5*j + 1305. Is j a prime number?
False
Let w(l) = 2*l**3 - 3*l**2 + 4*l + 4. Let r be w(4). Suppose 0 = 3*s - 12 - 6. Suppose 0 = 5*z + 3*i - 90, -z = -s*z - i + r. Is z a prime number?
False
Let g(r) = 21*r**2 - 5*r - 1. Let u(y) = -10*y**2 + 3*y. Let j(z) = 3*g(z) + 5*u(z). Is j(-4) a composite number?
True
Let j(c) = 4*c**2 - 16*c - 7. Is j(-13) prime?
True
Let b(r) = -52*r. Let p be b(1). Let d = p + 126. Is d prime?
False
Suppose -5*v = -5 - 15. Suppose -v*y + 5*s = -564, -2*y + s = -2*s - 280. Is y prime?
False
Suppose 0*h - h + 79 = -2*a, -a = -5*h + 422. Is h a prime number?
False
Suppose -3*f + 4*f - 308 = 0. Let m = -99 + f. Is m composite?
True
Let k(o) = -12*o - 2. Let r be 1*(-2 + 1 + -2). Is k(r) prime?
False
Let b(m) = 12*m**2 - 10*m - 3. Let y be b(7). Suppose 3*q - 706 = y. Is q composite?
True
Let j = 17 - 21. Let o(k) = 18*k**2 + 9*k - 6. Let h(f) = 9*f**2 + 5*f - 3. Let n(t) = -11*h(t) + 6*o(t). Is n(j) composite?
True
Let w(q) = q**2 + 1. Let g be w(1). Suppose -f - g*f = -66. Is f a prime number?
False
Let m = 8 + -20. Suppose -j + 3*j - 4*t = 66, 4*j = -2*t + 142. Let y = m + j. Is y a composite number?
False
Let j(f) = -3*f**2 + f - 5*f**2 - f**3 + f**2 + 9. Let n be j(-7). Suppose -254 = -n*t - 2*b, -2*t = -3*b - 165 - 89. Is t composite?
False
Suppose 5*g = 3*l + 18, g - 3*l - 1 = 5. Suppose 760 = 2*a + g*a + 5*t, -15 = -5*t. Is a a prime number?
True
Let j be 6/33 - 420/11. Let k = j + 53. Let c = 30 - k. Is c prime?
False
Suppose -15 = -5*r - 0*r. Let m be 8/(-12) - (-14)/r. Suppose 8 = m*t - 0. Is t prime?
True
Suppose 2*o - 3*b - 18 = 553, -3*o = -3*b - 864. Is o composite?
False
Suppose -3*p + 2092 = p. Is p prime?
True
Let n(q) = q**2 - 4*q - 5. Let i be n(6). Let p = 11 - i. Suppose -3 = -p*t + 169. Is t composite?
False
Suppose 0 = -2*m - 0*m + 758. Is m composite?
False
Let a(i) = 3930*i**3 - i**2 - i + 1. Let u be a(1). Suppose -5*j - 3*r = -u, 5*j - 4*r = 2*j + 2369. Is j a prime number?
True
Suppose -2*v + 77 = 3*h, 0 = h - 0*h - 3*v - 44. Let m = 50 + h. Is m prime?
True
Let o = 2937 + -1029. Suppose -6*w + 2*w = -o. Suppose -2*d - d = -w. Is d a prime number?
False
Let i be ((-2)/1)/(-2) - -35. Suppose -2*n - 22 = x, 3*x - i = 5*n + 8. Let j = 37 - n. Is j composite?
False
Let d(r) = -3*r - 3 - 7*r**2 + 25*r**2 + 7*r. Let b(p) = p**2 + p - 1. Let a(j) = -6*b(j) + d(j). Is a(2) a prime number?
True
Let f(t) = -7*t**3 + 4*t**2 + t - 3. Is f(-5) composite?
False
Let s be (-2)/(-8) - (-3)/4. Let k = s - -2. Suppose 43 = k*j - 2*j. Is j a prime number?
True
Let b(n) = -15*n - 4. Let t(s) = -31*s - 9. Let y(i) = 7*b(i) - 3*t(i). Is y(-2) a composite number?
False
Let w(i) = -41*i + 3. Is w(-8) a prime number?
True
Let d(p) = p**3 - 4*p**2 + p - 4. Let b be d(4). Is 2140/10 - (b - -3) prime?
True
Suppose 10*v + 2348 = 14*v. Is v a composite number?
False
Suppose -j + 5*a + 29 - 5 = 0, 0 = 2*j - 2*a - 16. Let c(u) = u**3 + 6*u**2 + 3*u - 5. Let y be c(5). Suppose -y = -j*f - f. Is f a prim